)/112 + 17). Let v(h) = -h**2 + 8*h + 44. Determine v(d).
-40
Suppose 117 = 3*w - 261. Suppose 35*a - w = 14*a. Let r(m) = 2*m + 7. Calculate r(a).
19
Suppose -6*q - 80 = -8*q. Suppose -q*d = -39*d + 3. Let y(z) = -z**3 - 2*z**2 + z + 2. Give y(d).
8
Let l = 10 - 22. Let x(k) be the second derivative of -k**4/12 - 2*k**3 - 13*k**2/2 + 19007*k - 2. Determine x(l).
-13
Let f(l) = -2*l**2 + 3*l + 3. Suppose -20 = -9*t + 5*t. Suppose -4*s - 4*v + 0*v + 32 = 0, t = v. What is f(s)?
-6
Suppose 3*w = 4 - 19. Let l(c) be the second derivative of -c**5/20 - 5*c**4/12 + 2*c**2 - 1334*c. Calculate l(w).
4
Let l(x) be the second derivative of -x**4/6 + 2*x**3/3 + 9*x**2/2 + 125*x + 1. Determine l(-4).
-39
Let o(y) be the second derivative of -1/12*y**4 - 81*y + 0 + 1/2*y**2 - y**3. What is o(-7)?
-6
Let x(j) = 48*j**3 - 10 - 23*j**3 + j**2 + 6*j - 29*j**3. Calculate x(2).
-26
Suppose -52 = -4*f + 4*h, -6*f + 61 = -2*f + 5*h. Suppose 0 = -0*g - 2*g - f. Let t(s) = 529*s + 20*s**2 + 23*s**2 - 44*s**2 + 1 - 534*s. Determine t(g).
-13
Let y(o) be the third derivative of -o**5/20 + 19*o**4/24 - 9*o**3/2 - 2*o**2 - 146*o. What is y(4)?
1
Let m(j) = -48*j - 4557. Let v be m(-95). Let d(w) = -2*w + 8. Calculate d(v).
2
Let v(p) = -p**2 + 8*p - 3. Let z = 51 - 4. Let q = 80 - z. Let s = q - 29. Give v(s).
13
Suppose 3*n = 2*h - 21, 3*n + 0*h = h - 21. Let u(w) = -72*w**3 + w + 54*w**2 + 1 - 2 - 12*w**2 - 35*w**2 + 73*w**3. What is u(n)?
-8
Let w(l) = 837*l**3 - 76 - 836*l**3 + 3*l - l**2 + 93. What is w(0)?
17
Let z = 17421 - 17425. Let p(j) = 2*j**3 + 8*j**2 + j + 18. Determine p(z).
14
Let q(p) = -93*p - 472. Let y be q(-5). Let v(o) = -16*o - 115. Calculate v(y).
-3
Let n(g) = -g**2 - 10*g + 4. Let d(f) = -2*f**2 - 10*f + 12. Let x be d(-6). Let w be (-6 - (x + 1)) + (-147)/49. Calculate n(w).
4
Let y(a) be the third derivative of a**6/360 + 13*a**5/120 + 5*a**4/12 + 59*a**3/3 - 35*a**2. Let q(u) be the first derivative of y(u). What is q(-10)?
-20
Let h(b) = 8*b + 52. Let s be h(-7). Let q(t) = -3*t - 2. Let i(l) = 6*l + 1. Let k(r) = -r. Let c(a) = i(a) + 5*k(a). Let d(f) = 2*c(f) + q(f). What is d(s)?
4
Let m(g) = -g**2 - 16*g - 56. Let j(h) = 2*h**2 - 59*h + 217. Let l be j(25). Determine m(l).
8
Let j(l) = l**2 - 28*l + 74. Let r be j(25). Let k be 6 + 1 + r + (-2)/1. Let i(h) = -h**2 + 8*h - 4. Let n(b) = b - 1. Let q(p) = i(p) - 5*n(p). What is q(k)?
-3
Let w be 5*12/100*40. Suppose 5*x - w = -x. Let v(r) = -3*r**2 - 1 - 26*r + 31*r + 2*r**2. Determine v(x).
3
Let b(d) = d + 11. Suppose -15*q + 19*q - 49 = -5*c, q + 3*c = 21. What is b(q)?
17
Let s(a) be the third derivative of a**5/30 + a**4/4 + 27*a**3/2 - 7*a**2 + 8*a. Let b(r) be the first derivative of s(r). Suppose k + 3*k = -24. Give b(k).
-18
Let m = -1 + -9. Let t(y) = -58*y + 6697. Let a(g) = 14*g - 1607. Let o(u) = -25*a(u) - 6*t(u). Determine o(m).
13
Let x be 259220/68 + 8/(-136). Let l(v) = -v**2 - 2 - 1908*v + x*v - 1907*v. Let k be ((-2)/(-2))/(1/(-5)). Calculate l(k).
-12
Let j(p) = -26*p**2 - 37*p + 22. Let k be j(-2). Let g(u) = -5*u - 4. Give g(k).
36
Let l(v) = v**3 + 8*v**2 + v + 2. Let x be 2 - ((-5)/(-10))/((-1)/138). Let n = x - 41. Suppose 0*t + n = -5*m - 2*t, -2*m - 6 = 2*t. Give l(m).
-6
Let n(x) = -48*x**2 - 52*x - 96. Let t(h) = 9*h**2 + 11*h + 19. Let p(q) = -2*n(q) - 11*t(q). Determine p(-5).
-7
Let g(s) be the third derivative of -1/3*s**4 - 5/6*s**3 + 39*s**2 + 0 + 0*s - 1/60*s**5. What is g(-6)?
7
Let s(x) be the second derivative of -x**5/20 + x**4/2 - x**3/6 + 13*x**2/2 + 4610*x. What is s(6)?
7
Let f(a) = -162*a - 95. Let q be f(3). Let c = -590 - q. Let m(h) = -3*h - 30. Calculate m(c).
-3
Let k(m) = 4*m + 9. Let x be k(-5). Let a(s) = -2*s - 20. Let b be a(x). Let r(g) = 0*g**3 + 2*g**2 - 2*g**3 + 4*g**3 + 1 - b. Calculate r(1).
3
Let z(m) be the third derivative of -m**6/120 - 11*m**5/30 - 19*m**4/8 + 3*m**3/2 + 175*m**2 + 3*m + 5. Give z(-19).
9
Let i(f) be the third derivative of f**5/60 + 5*f**4/4 + 19*f**3/2 - 4466*f**2. Determine i(-28).
1
Let y(h) be the second derivative of h**5/20 - 5*h**4/12 + 7*h**3/6 - 10*h**2 + 4*h - 17. Give y(4).
-8
Let j(a) = -7*a - 30. Suppose -111 = 208*l + 780 - 59. Give j(l).
-2
Let s(d) be the first derivative of -d**4/24 - 25*d**3/6 - d**2 + 34*d + 80. Let f(t) be the second derivative of s(t). Calculate f(-12).
-13
Let c(l) = 51*l - 8246. Let i be c(162). Let r(h) = 11*h - 187. What is r(i)?
-11
Let m(d) = d**2 + 79*d + 437. Let p be m(-73). Let l(u) = -21*u**2 - 3*u - 2. What is l(p)?
-20
Suppose -2*s - p - 2 = 0, 0*s + 5*p = -2*s - 10. Let i be (-6)/(-8)*(-8 - s). Let u(g) = -2*g - 2*g**3 + 4*g**3 - 3 - g**3 + 6*g**2. Determine u(i).
9
Let h(q) be the third derivative of 7*q**4/24 + 143*q**3/6 - 1477*q**2 + 2*q. Give h(-20).
3
Let v(n) = -n**3 - 38*n**2 + 312*n - 125. Let g be v(-45). Let o(s) = 7*s - 33. Give o(g).
37
Suppose -62*o - 24 - 35 = 65. Suppose -3*g + 7 = -2. Let n(u) = g - u - 3. Calculate n(o).
2
Let s(d) = 325*d**2 - 2*d - 22. Let n(v) = -731*v**2 + 4*v + 45. Let g(a) = 4*n(a) + 9*s(a). Give g(-8).
62
Let l(n) = n**3 + 5*n**2 + 2*n + 5. Let y = -14 - -13. Let u be (y - 4)*((-5)/1 + 6). Calculate l(u).
-5
Let m(i) = -i**3 + 4 + 5 - 18 + 6 + 2. Suppose 1 = 5*c + r, 4*r = c + 2*r + 2. What is m(c)?
-1
Let q(c) = 5*c - 141. Let x(w) = 7*w + 9. Let j be x(3). What is q(j)?
9
Let f(w) = -5*w - 32. Suppose -33*o = 2474 - 7556. Suppose -o = 247*i - 225*i. Calculate f(i).
3
Let o(i) = -9*i**3 - i**2 + 2*i - 2. Let q(m) = 36*m**3 + 4*m**2 - 9*m + 9. Let a = 46 - 42. Suppose -a*n = 9 - 1. Let r(f) = n*q(f) - 9*o(f). Give r(1).
10
Let o(w) = -120 - 63 + 265 - 120 + 38*w. What is o(1)?
0
Let g(b) = 1652*b + b**2 - b**2 + 1666*b + 13 + b**3 - 3316*b - 6*b**2. What is g(4)?
-11
Let b(m) = 7852 - 7856 + 11*m**3 - 13*m + 10*m**2 + 0*m**2 - 10*m**3 - 2*m. Give b(-11).
40
Let w(v) = -43*v + 59*v + 2*v**2 - 40*v + 70. Give w(5).
0
Let j(n) be the third derivative of 0*n**4 - 5/3*n**3 - 10*n + n**2 + 0 + 1/120*n**6 + 1/6*n**5. What is j(-10)?
-10
Let p(y) = -75*y - 83*y + 27 + 162*y. What is p(-7)?
-1
Let a(g) = -g**3 - 8*g**2 + 34*g + 15. Let c be a(-11). Suppose c*l - 48 = 56. Let k = -22 + l. Let b(t) = -t**2 + 4*t - 4. What is b(k)?
-4
Let s(u) = -2*u**2 - 9*u - 6. Suppose -12*w + 57 = -5*x - 15*w, 0 = 3*x + 5*w + 47. Give s(x).
-87
Let u(z) be the third derivative of -z**6/60 - 11*z**5/30 + z**3/6 - 1034*z**2 + z. Calculate u(-11).
1
Let z(k) = -5372891*k**3 - 114*k - 132*k + 5372890*k**3 + 120 - 66*k**2 + 0*k. What is z(-62)?
-4
Let n be 2223/(-4446)*3*2/1. Let x(b) = -4*b**3 - 5*b**2 - 3*b - 3. Determine x(n).
69
Let y(s) be the first derivative of -7*s**3/3 + s + 1. Let o(a) = a**3 - 8*a**2 + 16*a + 1. Let r be o(4). What is y(r)?
-6
Let o(l) be the second derivative of -4*l**4/3 + l**3/3 + l**2/2 + 3636*l. Suppose 4*v = -0 - 4. Calculate o(v).
-17
Let w(s) = 5*s**2 + 9*s + 2. Let t(q) = -3*q**2 - 4*q - 1. Let v(p) = 7*t(p) + 4*w(p). Let n(z) = 67*z - 6. Let r be n(2). Let d = 136 - r. Determine v(d).
1
Let d(r) be the first derivative of -31*r**2/2 - 184*r - 65. Let w be d(-6). Let m(c) = 4*c. Calculate m(w).
8
Let m(s) = 5 + 6*s**2 + s - s**3 - s + 0*s - s. Let p be 205/82*(-12)/(-5). What is m(p)?
-1
Let l(w) = 3*w**2 - w - 1. Let k(u) = -5*u + 7. Let m(d) = 34 - 7 - 26*d + 8. Let s(v) = -11*k(v) + 2*m(v). Let b be s(2). What is l(b)?
3
Let v(u) = -32*u + 188. Let y be v(6). Let i(h) = -6*h - h**2 + h - 3 - 2. Calculate i(y).
-1
Let g(c) = c**3 - 8*c**2 + 14*c - 17. Let a be g(6). Let d(s) = s**2 + 4*s - 3. What is d(a)?
2
Let n(r) be the first derivative of r**5/20 - 2*r**4/3 - 11*r**3/6 + 13*r**2/2 - 55*r - 51. Let f(m) be the first derivative of n(m). Calculate f(9).
-5
Suppose -4*d - j + 5*j + 72 = 0, 3*d - 62 = j. Suppose -h + d = 5*l, 4*h - 5*l - 13 = -0*h. Let k(b) = b**3 - 7*b**2 + 2*b - 1. Calculate k(h).
13
Suppose 3*v - l = -5, l = v + 215 - 214. Let j(n) be the second derivative of -n**5/20 - n**4/3 - 2*n**3/3 - 2*n**2 - 4*n. Determine j(v).
-4
Let k(x) = x + 1. Let v(d) = 10*d + 11. Let s(b) = k(b) - v(b). Let o be s(3). Let m = -32 - o. Let p(f) = -f**2 + 6*f + 3. What is p(m)?
8
Suppose 0 = 3*i + 5*a - 37, 0 = -i - 7*a + 6*a + 9. Suppose 14 + 2 = -i*l. Let v(m) = 2*m**2 + 7*m + 5. Give v(l).
9
Let 